7) + -32 + (-44 - -2)?
-34
2 + 12 + (-2 - (17 + (-18 - 2)))
15
7 + -6 - (-360 - -283)
78
2 + 24 + 0 + -19 - 1
6
(-43 - (31 + (-28 - 67))) + (-125 - -1)
-103
Calculate -54 + (105 - 29) - (-4 - -97).
-71
Calculate -83 + (151 - (101 + -133)).
100
What is -26 - ((2 - 7 - -4) + 5 + -6 + 8)?
-32
Evaluate -8 - 25 - -35 - (-2 - -4).
0
Evaluate -11 - -2 - -3 - -50.
44
What is the value of -142 + 164 - (73 + 12)?
-63
Calculate 11 - ((16 - (-22 + 35)) + 29).
-21
What is 29 - (31 - -11) - (-16 + 1 + 1)?
1
(13 - 38) + 23 + 3 - -64
65
-9 + 21 - (0 + 12 - (58 - 57))
1
What is -12 + (1 - -3) - (-12 + (14 - (0 - -4)))?
-6
Evaluate (-12 - 74 - 6) + (48 - 14).
-58
What is the value of (-5 - 22) + (-3 - -2) + 19 + (-1 - -13)?
3
Calculate (1260 - 1222) + 3 + (-42 - 2).
-3
What is the value of -37 + 42 - 0 - -41?
46
-18 + 17 + -157 + 93
-65
(7 - 6 - 41 - -42) + (-2 - -1 - -66)
67
Evaluate (-20 - 37) + 34 + (-1 + 1 - 4) + 0.
-27
What is (-29 + 10 - 34) + 106?
53
-2 + (24 - 18) + 2 + -13 - (21 - 67)
39
What is 9 - 4 - ((-7 - 1) + (72 - 55 - 58))?
54
(-47 - -41 - (-11 + 2) - 12) + -7
-16
(-22 - (-19 + -5)) + -21 - -4
-15
Evaluate 63 + -46 + 25 + -49.
-7
Evaluate 51 - (-60 - -31 - -70).
10
Calculate (-23 - (-1 - 17)) + -8 - -33 - -18.
38
What is the value of (-33 - -3) + (15 + -10 - -10) + -16 + 11?
-20
What is 0 - (75 + 0 + (0 + 0 - (465 - 457)))?
-67
Calculate (-193 - 1) + 3660 + -3528.
-62
What is the value of (0 - -2) + (26 - (-13 + -18 + 48)) + -104?
-93
Calculate 73 + -5 + (-7 - 6) + 15 + -4.
66
Calculate -46 - (23 + -21 - 24) - -43.
19
Calculate -16 - (20 + 7 + (5 - -12 - 35)).
-25
Calculate 1 - -111 - (4 + 71 + -75).
112
What is the value of (-10 + 2 - 19 - -6) + 1 + 9 + -14?
-25
Evaluate -2 + 56 + (28 - 40).
42
What is the value of -3 + -15 - -18 - ((-9 - -3) + (3 - -48))?
-45
Evaluate (-1 - 0) + 7 - (28 - ((58 - 65) + -23)).
-52
Calculate (10 - -5) + -12 - (-13 + 9).
7
What is the value of -24 + 13 + -42 - 18 - -7 - 9?
-73
Calculate (-13 - -12 - (-5 - 0)) + -55 + 27.
-24
Calculate -35 - -3 - (-19 + -50).
37
What is the value of -173 + 15 + 145 + (0 - -33)?
20
Calculate (3 - -84) + (65 - 48 - (6 - -3)).
95
-65 - (-279 + 115 - -126)
-27
(-631 - -667) + (17 - (0 + 4)) + 8
57
What is the value of 126 + -114 - (4 + -2) - 5 - 70?
-65
Evaluate -18 + -33 + 42 + -31.
-40
What is -30 + 54 + -59 + 32 + (2 - 1)?
-2
Evaluate (11 - 1) + (-161 - -43) + 15.
-93
Calculate 76 + -75 - (-13 - -39).
-25
Calculate (1 - -1) + (41 + -24 - 19) + -22.
-22
Calculate -20 - (152 + -122 + -1 + -107).
58
Evaluate -46 - (8 + 8 + -19 + (5 - 14)).
-34
What is 1 + -3 - (-7 - (-68 - -82))?
19
What is the value of -8 + 10 + -23 + 38 + -1?
16
Calculate 11 - (26 + (-19 - (-9 - -6)) + -4 + -2).
7
Evaluate 4 + (1 + 4 + 83 - 12 - (1 - 12)).
91
-27 - (60 - (54 + 24))
-9
What is 10 + (4 - (25 - 0) - (31 - 42))?
0
What is -145 + 125 + 1 + 5 - (-3 - 8) - -4?
1
-44 + -3 - (119 + -153 + 25)
-38
Evaluate 9 + 16 + 5 + -40 + 0.
-10
What is the value of -72 + -18 + 22 + 9 + -42?
-101
Calculate -209 + 360 + -132 + (0 - -44).
63
Evaluate -16 - (33 + (-13 - 1) + -114).
79
-1316 + 1364 - (-2 - -22)
28
36 + -46 + 18 - 2
6
Calculate -55 + (7 - -21) + -3 - -36.
6
What is 15 + -1 - (237 + -120 + 36) - -16?
-123
Calculate 12 + -9 + (17 - -25) - -4.
49
What is the value of 25 - (15 + -18 + 34 + 8)?
-14
What is the value of -11 + -5 + 9 + (-38 - -50) + 42 + -1?
46
What is (-3 + 9 - -1) + -60 + (2 - -7 - 5)?
-49
Evaluate -47 - (-52 - -2 - (0 - 29)).
-26
What is the value of (106 - 239) + (-16 - -60)?
-89
Calculate -97 + -26 + (-12 - 10 - -36).
-109
Evaluate (-98 - (5 + 6)) + 34 + 5.
-70
What is -57 + (-10 - -4) + 4 + (8 + -3 - -7)?
-47
2 - (13 + -19 + 8 + 2 - 7)
5
Calculate -63 + -9 + (-2 - 18) - -2.
-90
What is the value of -26 + 3 + 12 + -4 + -43 + -7?
-65
What is 1 - 3 - (901 - 940)?
37
What is 1 + (7 - (1 + (-13 - (5 - (8 - 8)))))?
25
What is -30 - (24 + 44 + -21 + -5)?
-72
What is 7265 + -7251 + (26 - -1) - (1 + -1 + -1)?
42
What is the value of (2 - (32 + -2)) + -24 + (56 - (9 - -25))?
-30
What is the value of (-22 + (-2 - -94) - -17) + (4 - 8) + 13?
96
(-20 - (14 + -61)) + -47 + (-15 + 0 - -2)
-33
Evaluate -1 + (-16 - 46) - (92 - 66).
-89
What is -1 - 10 - (37 + -85 - (51 - 30))?
58
Evaluate (-22 - ((-137 - -34) + 8)) + -34.
39
What is the value of -40 - 1 - (1 - (17 - (16 + 8 + 0)))?
-49
What is the value of (11 - ((-9 - -9) + 5)) + (89 - 89)?
6
What is the value of -26 + -15 + 22 + -13 - -12?
-20
Calculate -10 + (2653 - 2684 - (1 + 4)).
-46
(13 - -1) + (3 + 6 + -2 - 8)
13
Evaluate -42 + -125 + -7 + 7 + 13 + (7 - 5).
-152
What is -31 - (-5 - -6) - (-6 - (14 + (-7 - 4)))?
-23
Evaluate (-2 - -1) + -36 + 63 - -10.
36
-62 + (-1 + -1 + 14 + -7 - 7)
-64
Evaluate 516 + -500 + (1 - -2 - 10) - (0 + 67).
-58
What is the value of -32 + (0 - 4) - ((37 + -19 - 3) + -24)?
-27
Calculate (20 - -6 - 13 - 11 - -17) + -5.
14
-13 - -2 - (26 - (60 + -69))
-46
What is the value of (-75 - -4) + (2875 - 2911)?
-107
What is the value of -2 + 8 + (-21 + -14 - -34) + 21?
26
-10 - (58 - (120 + -43))
9
Calculate (-12 - 3) + (-74 - -114).
25
What is the value of -34 + 21 - (-16 - 8)?
11
Calculate (7734 - 7762) + 1 + -54.
-81
What is 9 + 1 + -4 + -2 + (3 - 1) + -37?
-31
What is the value of 0 - (-136 - -134 - (-1 + (1 - -3)) - -63)?
-58
-12 - (-49 + 17 + -6)
26
Calculate 50 - ((-49 - -104) + -38) - (7 - 1).
27
Calculate 5 + -1 + (9 + 1 - (-22 + 1 - -27)).
8
Evaluate 3 - 64 - (22 + -42 + (18 - 11)).
-48
What is 14 - (9 - ((4 - 10) + 4)) - 5?
-2
Evaluate -16 - (3 + (-5 - -50) + (-4 - -9)).
-69
Calculate -13 - (310 - 294 - (3 - 0) - (20 + -2)).
-8
What is the value of 0 + (13 - 8 - 2) - (3 + 5) - -53?
48
What is the value of -1 + 8 + (329 - (387 + -164))?
113
Calculate -14 + 32 + (-6 - 3) + 1 + -5.
5
Calculate -23 + (61 - 49) + -1 + -10 + -1.
-23
19 - (-20 + -5 + (60 - 17)) - -6
7
Evaluate 74 - (24 - (-36 - -17)).
31
Calculate 12 - ((-9 - (12 - 15)) + (-61 - -5 - -2)).
72
Calculate 26 - 27 - (33 + 21).
-55
What is (9 + 12 + -24 - 7 - -8) + (-1 - 38)?
-41
Calculate (-1460 - -1440) + (0 - -19).
-1
Calculate (0 - (2 + -2)) + -19148 + 19252.
104
0 + (-1 - -11) + 0 - (6 - (-24 - -83))
63
What is 15 + -1 - -2 - (-10 + 6 + -4)?
24
44 - (-17 - -8) - (-1 + -1 - -7 - 0)
48
What is the value of 30 + 9 + 4 + 86 + -79?
50
What is 91 + -33 + -21 - (6 - -114)?
-83
What is the value of 18 + ((25 - 23) + -6 - 5)?
9
What is the value of (-16 - 12) + 10 + 39 - (-13 + (-1 - -3))?
32
Evaluate 29 + (15 - 106) + 23.
-39
Calculate 42 + (28 - 61) + -10.
-1
What is the value of 13 + 1 - (92 + -108 + (6 - 1))?
25
Evaluate 13 - (60 + (18 - 14 - 35 - -9)).
-25
What is the value of -2 - (1 - (5 - -5 - (10 + -2 - 4)))?
3
What is -1 - (-3 + 18 + -1) - (4066 + -4123)?
42
-216 + 151 + -4 + 7 + 10
-52
13 + -5 + 1 + 2 - 0 - 34
-23
Evaluate 57 + -78 + -18 + -25.
-64
What is (-713 - -705) + -71 + -11?
-90
Calculate 14 - (-10 + 18 + -3) - -5.
14
What is (-14 - 32) + 63 + 34?
51
Calculate 5 + (-12 - (-18 - -11)) + 12 - -84.
96
Calculate 58 + 2 + 1 - (-776 + 808).
29
What is -12 + (-35 - -23 - -9) - (-3 + -23) - -26?
37
What is (3 + -9 - (2 + -1)) + (10 + -64 - -27)?
-34
What is -71 + 32 - -46 - (-4 + 29)?
-18
Evaluate 2 - -10 - (0 - (-142 - -29)).
-101
What is the value of -12 + 10 + 2 + 14 + -30?
-16
Evaluate (-974 - -968 - (-131 - (3 - 3))) + (4 - 9).
120
Evaluate (188 - 156) + 11 + 3.
46
Evaluate -8 + -3 - (111 + -94).
-28
What is 5 + (-9 + -18 - -41) + (1 - 2) + -9?
9
33 + -21 + -12 + 12
12
What is the value of (1 + -1 - 20) + (-18250 - -18354) - (-4 + -2)?
90
What is 81 - (2 - 0) - 3 - (21 + 73 + -90)?
72
(93 - 42) + -100 - 14
-63
What is the value of 211 - 166 - (44 + -2)?
3
What is the value of -30 + (13 - 2 - (26 - 36))?
-9
Evaluate -3 - (-41 + 5 + 43 + (2 - -23)).
-35
What is the value of -88 - (-153 + (16 - 18))?
67
(-663 - -692) + (-63 - -7 - -6)
-21
(-12 - -17) + -111 + -12 - (17 - 4)
-131
Calculate (-1 - -7) + 11 + -136 + 106.
-13
What is (1 - 2) + -6 - (119 - (-12 + 75) - 60)?
-3
Evaluate -43 - ((50 - 31) + (-137 - 38)).
113
What is the value of 7 + (-2 - 5) - -21 - 8?
13
What is the value of -72 + 98 + -15 + 59?
70
Evaluate (-235 - -211) + (-6 - -7 - 14).
-37
Calculate (7 - -9) + (-23 - (-1 + 5 - -66)).
-77
Calculate 21 + 2 + (26 - (-37 - -60)) + -2 + 3.
27
Evaluate 